5*z, k - 3*z - 27 = -6*z. Calculate the greatest common factor of k and 777.
21
Let v be (-2)/6*27/(2 - -1). Let h(p) = -2*p**3 - 6*p**2 - 5*p - 1. Let c be h(v). Calculate the greatest common divisor of 7 and c.
7
Suppose 4*d = 3*s - 414, 2*d + 514 = -3*d + 2*s. Let n be d/(-9) + 2/(-6). What is the highest common divisor of n and 77?
11
Suppose 4*v = 4*h - 3*h - 608, 0 = -4*h - 4*v + 2432. Calculate the highest common factor of h and 38.
38
Suppose -2*p - 788 = -2*y, 0*y - 3*p = -5*y + 1966. Calculate the greatest common divisor of 112 and y.
56
Let w(d) = 2*d + 20. Let z be w(-9). Let l be (-357)/(z + 28/(-8)). Let s = l + -158. Calculate the highest common factor of s and 16.
16
Suppose 7*w - 80 = 2*w. Suppose 0 = j + 2*r - 4, -4*j - 2*r + w = -12. Let d(m) = -m - 12. Let k be d(-13). Calculate the highest common divisor of j and k.
1
Let l be (-2 - -2) + 46*3. Suppose -1 - 137 = -6*j. Calculate the highest common divisor of j and l.
23
Let y = -99 + 141. Let c = 22 + 6. Calculate the highest common factor of c and y.
14
Let s(p) = -7*p - 6. Let z be s(2). Let w = z - -28. What is the highest common factor of w and 1?
1
Suppose -30*r = -50*r + 60. Suppose -m - 3*m = 3*d - 48, -48 = -4*m + 5*d. Calculate the greatest common divisor of r and m.
3
Let o = -40 - 10. Let p be o/(-3) + (-4)/(-12). Calculate the highest common divisor of p and 68.
17
Suppose 5*h - 22 = 3. Suppose -4 = -5*x + 6, n = -h*x + 10. Let d = 14 - n. What is the greatest common factor of d and 126?
14
Suppose z - 33 = 19. What is the greatest common factor of 260 and z?
52
Suppose -14*w = -13*w - 33. What is the greatest common divisor of w and 165?
33
Let v = -393 + 559. Suppose -2*k = -0*k - v. Suppose -q - 2*d - k = -4*q, -5*q + 153 = 4*d. Calculate the highest common divisor of 261 and q.
29
Let g(a) = -3*a**3 - 66*a**2 + 80*a + 258. Let q be g(-23). Let p(c) = c**3 + 6*c**2 - 5*c - 5. Let b be p(-6). What is the greatest common factor of q and b?
5
Let u be -2 + 1 + 133 + 4. Let x be u + 4*(-2)/(-4). Suppose -2*t + x = 2. Calculate the greatest common divisor of 17 and t.
17
Let y be (0 + 990)/5 + (9 - 7). What is the highest common divisor of y and 25?
25
Let a(f) = -9*f + 1. Let w be a(-2). Let g = -416 - -123. Let k = -160 - g. What is the greatest common divisor of k and w?
19
Let d(p) = 15*p - 27 + 10*p**2 + 12*p**2 - 20*p**2. Let l be d(-11). What is the greatest common divisor of 20 and l?
10
Suppose -2*z - b - 1171 = -7*z, 3*z - 701 = -b. Suppose 21*c - 18*c = z. What is the greatest common factor of 6 and c?
6
Let j = 1 + 3. Suppose -26 = -j*y - 6. Calculate the highest common factor of 2 and y.
1
Let p(u) = 6*u**2 + 5*u - 3. Let d be p(1). Calculate the greatest common factor of d and 104.
8
Let t = -87 - -137. Suppose t = 8*x - 142. Calculate the highest common divisor of x and 72.
24
Let r = -179 + 269. What is the highest common factor of 45 and r?
45
Let k = 16 + -14. Let h be 18 + 0/((-6)/k). Let j(m) = 10*m - 5. Let q be j(5). Calculate the greatest common factor of q and h.
9
Let p = 844 + -564. What is the highest common factor of 20 and p?
20
Suppose 108 = 4*l - 34*v + 30*v, -5*v = -25. Calculate the greatest common factor of 2 and l.
2
Suppose -3*d = 4*g - 382 - 38, -d - 4*g + 140 = 0. Let j = -75 + d. Let c be 5*(0 + ((-6)/45)/((-2)/78)). What is the greatest common divisor of j and c?
13
Let p(v) = v**3 + 25*v**2 - 32*v - 60. Let o be p(-26). Calculate the highest common factor of o and 60.
12
Let p be 12 - 14 - (-69 + (0 - 0)). Let f = 99 - p. What is the greatest common divisor of f and 4?
4
Let j = 93 + -80. Suppose -2*c = -j - 7. What is the greatest common divisor of 1 and c?
1
Let g be ((-860)/1075)/(-1*(-1)/(-60)). What is the highest common divisor of g and 588?
12
Let t(n) = n**2 + 7*n + 6. Let q be t(-7). Suppose q*v + 127 - 655 = 0. What is the greatest common factor of v and 11?
11
Let n be (-34)/(-6) + 6/18. Suppose -3*d = 3*u + 2*d - 34, 3*u - 3*d + n = 0. Suppose -u*m = -101 - 142. What is the highest common divisor of m and 9?
9
Let s = -23 - -19. Let t be (s + 3)*3*-1. Let l = t + 10. What is the greatest common factor of 143 and l?
13
Let a(g) = -g**2 + 10*g. Suppose 0 = 3*c + 31 - 121. Suppose -5*z + 10 = -c. Let y be a(z). Calculate the highest common divisor of 128 and y.
16
Let f = 2042 + -1993. Calculate the greatest common divisor of 217 and f.
7
Let i(o) = 3*o**2 - 3*o + 18. Let k be i(3). What is the highest common divisor of k and 396?
36
Suppose -4*v = -4*h - 236, -23*h + 55 = v - 28*h. What is the greatest common factor of v and 105?
15
Suppose -75 = -2*o - s, 0 = 3*o - 3*s + s - 95. Suppose m = 0, -7*g + 3*g - 3*m + 20 = 0. What is the greatest common divisor of g and o?
5
Let t(q) = q**2 + 2*q + 10. Let z be t(0). Let h be (2 - 198/(-6))*12/z. What is the highest common factor of h and 378?
42
Let i(o) = -o**3 - 8*o**2 + 13*o - 23. Let l be i(-12). Suppose 0 = -4*v - z + l, 0*z - 485 = -5*v + z. What is the greatest common divisor of 14 and v?
14
Let d(n) = 80*n**2 + 8*n - 12. Let w be d(2). What is the greatest common divisor of 24 and w?
12
Let h(t) = 5*t**3 - 7*t**2 + 6*t + 8. Let c be h(4). What is the highest common factor of 90 and c?
30
Suppose -1802*c + 1809*c - 3955 = 0. Calculate the highest common divisor of 10 and c.
5
Let y(f) be the second derivative of f**4/12 - f**3 - f**2/2 - 2*f. Let t be y(8). Suppose 30 = -4*b + 6*b. What is the greatest common factor of b and t?
15
Let q(b) = -2*b + 10. Let h be -6*(0 + 3/(-6)) - 6. Let s be q(h). What is the highest common divisor of 176 and s?
16
Let s be 190/4 + ((-35)/10)/(-7). What is the greatest common factor of s and 24?
24
Let l be 22/(-55) - (-77)/5. Calculate the highest common divisor of 3 and l.
3
Let g(p) = -3*p + 7. Let z be g(3). Let d = z - -5. What is the greatest common factor of 3 and d?
3
Suppose -8*f + 4*f = -2*r - 50, -r = 4*f - 59. What is the greatest common divisor of f and 189?
7
Let r be ((-2)/(-10))/((-6)/(-30)). Let i be r + 1 + (2 - 1). Let y(s) = 2*s + 3. Let b be y(i). What is the greatest common factor of 9 and b?
9
Let j be (-5)/2*(78/(-10) + -5). Suppose -w + 34 = -254. Calculate the highest common divisor of j and w.
32
Let y = 159 + -149. Calculate the highest common factor of y and 450.
10
Suppose -3*w = 3*f - 60, -2*f - 7 + 47 = -4*w. What is the highest common divisor of 10 and f?
10
Let q be 258/(0 - -6) - -4 - 7. Calculate the highest common divisor of q and 2220.
20
Let x(y) = -y**2 - 35*y - 9. Let o be x(-33). Calculate the highest common factor of 152 and o.
19
Let g = 21 + 45. Let m be (-2)/(-3) + g/9. What is the highest common factor of 40 and m?
8
Suppose 5*m - 1130 - 245 = 0. What is the highest common factor of 110 and m?
55
Let h be ((-4)/6)/(17/(-2856)). What is the highest common factor of h and 168?
56
Let z = -63 + 42. Let h be 6/z - 247/(-7). What is the highest common divisor of h and 35?
35
Let v be (-2)/11 + 168/77. Let p(q) = 16*q. Let g be p(1). What is the greatest common divisor of g and v?
2
Suppose 2*j = 4*x + 19 - 583, -2*j = -2*x + 280. Calculate the highest common factor of 1633 and x.
71
Let r be 10/4 - (-9)/18. Suppose r*h + 234 = 5*b - 207, 4*b + h = 363. Suppose -3*l - 2*l = -b. Calculate the greatest common divisor of 90 and l.
18
Let n(a) = 3*a + 46. Let o be n(-17). Let x(v) = -7*v + 28. Let j be x(o). What is the highest common divisor of j and 42?
21
Suppose 20*x - 1664 = 1356. Let n = -127 + x. Let f be 166 - (2 + 0 - 4). Calculate the highest common divisor of f and n.
24
Let v = -230 - -438. Suppose 5*s + 24 = 8*s. Let l(d) = d**3 - 9*d**2 + 10*d + 10. Let q be l(s). What is the greatest common factor of v and q?
26
Let h be 1827/58 - (6/4 - 0). Calculate the highest common factor of 710 and h.
10
Let q(i) = -i**2 - 3*i + 17. Let w be q(-4). Suppose 5*z + 2*k - 193 = 0, 5*k - 2*k = 2*z - 81. Calculate the greatest common divisor of w and z.
13
Suppose 3*f - 5*z = 69, 3*z - 4*z = -3*f + 57. What is the highest common divisor of f and 6?
6
Let d(b) = -b**2 - 6*b - 9. Let o be d(-5). Let u be 4/2 + 5 + 2 + o. Let g be 6/(-15) + 227/5. What is the greatest common divisor of u and g?
5
Let v(g) = 63*g**2 + 2*g - 3. Suppose -15*c - 8 = -23*c. Let x be v(c). What is the highest comm